{"id":70,"date":"2013-04-11T13:55:34","date_gmt":"2013-04-11T13:55:34","guid":{"rendered":"http:\/\/tke24h.com\/?page_id=70"},"modified":"2024-09-11T16:02:30","modified_gmt":"2024-09-11T09:02:30","slug":"lien-h%e1%bb%87","status":"publish","type":"page","link":"http:\/\/tke24h.com\/?page_id=70","title":{"rendered":"Li\u00ean h\u1ec7"},"content":{"rendered":"<p><span style=\"color: #000080;\"><strong>C\u00f4ng Ty TNHH\u00a0Gi\u1ea3i Ph\u00e1p \u0110i\u1ec7n T\u1eed T\u00f9ng Kh\u00e1nh . <\/strong><strong>Qu\u00ed kh\u00e1ch c\u00f3 nhu c\u1ea7u t\u01b0 v\u1ea5n ho\u1eb7c mua s\u1ea3n ph\u1ea9m TKE c\u1ee7a c\u00f4ng ty ch\u00fang t\u00f4i xin vui l\u00f2ng li\u00ean h\u1ec7 :<\/strong><\/span><\/p>\n<p><span style=\"color: #000080;\"><span style=\"color: #ff0000;\"><strong>Hotline<\/strong><\/span><strong><span style=\"color: #ff0000;\"> :<\/span> 0909.293.292 <span style=\"color: #800000;\">(ng\u1ecdc t\u00f9ng)<\/span><\/strong><\/span><\/p>\n<p><span style=\"color: #000080;\"><strong><span style=\"color: #800000;\">Email b\u00e1n h\u00e0ng\u00a0 :\u00a0\u00a0\u00a0\u00a0 tke24h@mail.com<\/span><\/strong><\/span><\/p>\n<p><span style=\"color: #000080;\"><strong><span style=\"color: #800000;\">Email h\u1ed5 tr\u1ee3 k\u1ef9 thu\u1eadt : ngoctung2008@gmail.com<br \/>\n<\/span><\/strong><\/span><\/p>\n<p>&nbsp;<\/p>\n<p>&#8212;&#8212;&#8212;&#8212;&#8212;&#8212;&#8212;&#8212;&#8212;&#8212;&#8212;&#8212;&#8212;&#8212;&#8212;&#8212;&#8212;&#8212;&#8212;&#8212;&#8212;&#8212;&#8212;&#8212;&#8212;&#8212;-<\/p>\n","protected":false},"excerpt":{"rendered":"<p>C\u00f4ng Ty TNHH\u00a0Gi\u1ea3i Ph\u00e1p \u0110i\u1ec7n T\u1eed T\u00f9ng Kh\u00e1nh . Qu\u00ed kh\u00e1ch c\u00f3 nhu c\u1ea7u t\u01b0 v\u1ea5n ho\u1eb7c mua s\u1ea3n ph\u1ea9m TKE c\u1ee7a c\u00f4ng ty ch\u00fang t\u00f4i xin vui l\u00f2ng li\u00ean h\u1ec7 : Hotline : 0909.293.292 (ng\u1ecdc t\u00f9ng) Email b\u00e1n h\u00e0ng\u00a0 :\u00a0\u00a0\u00a0\u00a0 tke24h@mail.com Email h\u1ed5 tr\u1ee3 k\u1ef9 thu\u1eadt : ngoctung2008@gmail.com &nbsp; &#8212;&#8212;&#8212;&#8212;&#8212;&#8212;&#8212;&#8212;&#8212;&#8212;&#8212;&#8212;&#8212;&#8212;&#8212;&#8212;&#8212;&#8212;&#8212;&#8212;&#8212;&#8212;&#8212;&#8212;&#8212;&#8212;-<\/p>\n","protected":false},"author":1,"featured_media":0,"parent":0,"menu_order":0,"comment_status":"open","ping_status":"open","template":"","meta":[],"_links":{"self":[{"href":"http:\/\/tke24h.com\/index.php?rest_route=\/wp\/v2\/pages\/70"}],"collection":[{"href":"http:\/\/tke24h.com\/index.php?rest_route=\/wp\/v2\/pages"}],"about":[{"href":"http:\/\/tke24h.com\/index.php?rest_route=\/wp\/v2\/types\/page"}],"author":[{"embeddable":true,"href":"http:\/\/tke24h.com\/index.php?rest_route=\/wp\/v2\/users\/1"}],"replies":[{"embeddable":true,"href":"http:\/\/tke24h.com\/index.php?rest_route=%2Fwp%2Fv2%2Fcomments&post=70"}],"version-history":[{"count":16,"href":"http:\/\/tke24h.com\/index.php?rest_route=\/wp\/v2\/pages\/70\/revisions"}],"predecessor-version":[{"id":1517,"href":"http:\/\/tke24h.com\/index.php?rest_route=\/wp\/v2\/pages\/70\/revisions\/1517"}],"wp:attachment":[{"href":"http:\/\/tke24h.com\/index.php?rest_route=%2Fwp%2Fv2%2Fmedia&parent=70"}],"curies":[{"name":"wp","href":"https:\/\/api.w.org\/{rel}","templated":true}]}}